of 139892670?
True
Is 2754457928 a multiple of 6778?
False
Does 423 divide 97271811?
True
Does 537 divide 253201944?
True
Does 1686 divide 330700760?
False
Does 1444 divide 5686472?
True
Does 2177 divide 2490098317?
True
Is 4260 a factor of 124426080?
True
Is 137556696 a multiple of 632?
True
Does 8914 divide 212964374?
True
Is 21005658 a multiple of 10?
False
Is 21 a factor of 243338298?
True
Is 49 a factor of 9631097?
True
Does 282 divide 1048847781?
False
Does 163 divide 5356077?
False
Is 7588 a factor of 2785759676?
True
Is 81 a factor of 52249014?
False
Is 168 a factor of 1479112?
False
Does 23 divide 1760437365?
True
Does 3483 divide 144828313?
False
Does 3508 divide 489756852?
False
Is 708331068 a multiple of 5102?
True
Does 206 divide 101728659?
False
Does 14 divide 40130833?
False
Is 37 a factor of 4119100165?
False
Does 9 divide 93882213?
True
Is 1295690 a multiple of 5?
True
Does 147 divide 277230093?
True
Is 1422888 a multiple of 8?
True
Is 5126532750 a multiple of 25?
True
Does 7799 divide 1561734152?
True
Does 17 divide 6885408?
True
Is 66101599 a multiple of 3122?
False
Is 38694015 a multiple of 1405?
False
Is 23 a factor of 11592993?
False
Is 100038080 a multiple of 20?
True
Does 2084 divide 419205214?
False
Does 24 divide 7485096?
True
Is 63584720 even?
True
Is 19732227 a multiple of 24?
False
Does 186 divide 27205014?
False
Is 32 a factor of 108009920?
True
Is 519 a factor of 681508761?
True
Is 39714919 a multiple of 983?
False
Does 360 divide 463443703?
False
Is 29878988 a multiple of 776?
False
Is 1003 a factor of 15589227?
False
Is 429454296 a multiple of 23?
False
Does 428 divide 61651260?
True
Is 5105040 a multiple of 267?
True
Is 100 a factor of 218686400?
True
Is 101953712 a multiple of 56?
True
Is 79 a factor of 92015629?
False
Does 8 divide 326806865?
False
Is 64 a factor of 42664640?
True
Is 22 a factor of 441047244?
True
Is 195304452 a multiple of 4?
True
Does 30 divide 220326270?
True
Is 318654864 a multiple of 33?
True
Is 334012032 a multiple of 64?
True
Is 240 a factor of 62598343?
False
Is 2496 a factor of 1179876859?
False
Is 176205870 a multiple of 1466?
True
Is 16452617 a multiple of 205?
False
Does 699 divide 847791936?
True
Is 210085365 a multiple of 7?
True
Does 298 divide 13310468?
True
Is 111 a factor of 26989095?
True
Is 971498694 a multiple of 51?
True
Is 2314368 a multiple of 126?
True
Is 71 a factor of 29986424?
True
Is 133052283 a multiple of 218?
False
Does 489 divide 39303864?
True
Is 2898 a factor of 33019812?
True
Is 11064280 a multiple of 53?
True
Is 12 a factor of 3686104?
False
Is 1778 a factor of 302843184?
True
Does 2 divide 14726995?
False
Is 14697622 a multiple of 538?
True
Does 108 divide 4771224?
True
Is 26 a factor of 196698736?
True
Does 162 divide 633180564?
True
Does 14 divide 2619302?
True
Is 27505996 a multiple of 149?
True
Is 4 a factor of 244064604?
True
Is 19 a factor of 1009278332?
False
Is 2065 a factor of 219241050?
True
Is 3667 a factor of 264297930?
False
Is 631496206 a multiple of 2321?
False
Does 11 divide 6474303?
True
Does 1545 divide 99195180?
True
Does 40 divide 257838614?
False
Does 5643 divide 1338094218?
False
Is 86527700 a multiple of 14?
True
Is 112770031 a multiple of 80?
False
Is 94 a factor of 678548964?
True
Does 468 divide 397218335?
False
Is 545675445 a multiple of 185?
True
Is 4 a factor of 358665?
False
Does 247 divide 368792736?
True
Does 448 divide 6104000?
True
Does 680 divide 7198017?
False
Is 3 a factor of 12605326?
False
Does 94 divide 49652022?
True
Is 214 a factor of 3224830628?
True
Is 362175176 a multiple of 712?
True
Is 23808124 a multiple of 404?
True
Does 1689 divide 32891586?
True
Is 2146 a factor of 38679504?
True
Is 108257708 a multiple of 168?
False
Is 6 a factor of 7047522?
True
Is 1712 a factor of 1528766352?
True
Is 45 a factor of 56322466?
False
Is 271053221 a multiple of 15?
False
Is 220045379 a multiple of 276?
False
Is 1033 a factor of 1282195755?
True
Is 74181408 a multiple of 168?
True
Does 246 divide 299002422?
True
Does 44 divide 3866401264?
True
Does 40 divide 227093209?
False
Does 856 divide 363860201?
False
Is 152709722 a multiple of 73?
True
Is 51731965 a multiple of 79?
True
Does 63 divide 11885706?
True
Is 5789 a factor of 213625678?
True
Does 75 divide 173666925?
True
Is 10 a factor of 58027422?
False
Is 4486454 a multiple of 63?
False
Does 1114 divide 169536318?
True
Is 405165606 a multiple of 1381?
False
Does 214 divide 85966999?
False
Is 254 a factor of 138845792?
False
Is 16 a factor of 1772896?
True
Is 76242931 a multiple of 85?
False
Is 753932844 a multiple of 28?
True
Does 443 divide 114823828?
True
Is 409758292 a multiple of 1732?
True
Does 25 divide 22056935?
False
Does 126 divide 31558464?
True
Is 402619029 a multiple of 29?
False
Does 15 divide 2680050?
True
Does 1949 divide 376946760?
False
Is 193 a factor of 40016190?
False
Does 862 divide 215395698?
True
Is 3 a factor of 799371?
True
Does 109 divide 2665106571?
True
Does 5 divide 32347789?
False
Is 54090216 a multiple of 72?
True
Is 16501164 a multiple of 4?
True
Is 656507520 a multiple of 192?
True
Is 17 a factor of 37329263?
True
Is 61947904 a multiple of 6?
False
Is 2213237919 a multiple of 46?
False
Is 13301273 a multiple of 3527?
False
Is 147538646 a multiple of 11?
False
Does 154 divide 76100332?
True
Is 626319440 a multiple of 340?
True
Does 153 divide 28221238?
False
Does 95 divide 58450973?
False
Is 2076 a factor of 215633397?
False
Does 328 divide 367826749?
False
Is 3007 a factor of 877418544?
True
Is 118 a factor of 64596158?
False
Does 24 divide 76859136?
True
Is 44 a factor of 626599820?
True
Is 178130447 a multiple of 59?
False
Is 1070 a factor of 165050710?
True
Is 74 a factor of 2320914063?
False
Is 250 a factor of 665144250?
True
Is 3 a factor of 43287073?
False
Is 863 a factor of 4284713878?
True
Is 669612773 a multiple of 1319?
True
Is 50 a factor of 10233500?
True
Does 12 divide 201531550?
False
Does 6 divide 3855624?
True
Is 4 a factor of 110517536?
True
Is 176690948 a multiple of 124?
True
Is 14 a factor of 569813966?
False
Is 447 a factor of 78408717?
True
Does 60 divide 142358021?
False
Is 412258608 a multiple of 656?
True
Does 16 divide 249179040?
True
Does 8 divide 33984384?
True
Does 1807 divide 2118714266?
False
Does 61 divide 4413899?
True
Is 725952 a multiple of 20?
False
Does 18 divide 17607060?
True
Does 22 divide 11957308?
True
Does 174 divide 1354544586?
True
Does 12 divide 318410160?
True
Does 13 divide 1107063091?
False
Does 627 divide 417720567?
True
Is 145 a factor of 16189975?
True
Is 6524744 a multiple of 381?
False
Is 6980 a factor of 610064337?
False
Does 328 divide 35024187?
False
Does 33 divide 16537191?
True
Is 1049518386 a multiple of 7?
True
Does 110 divide 1035428935?
False
Is 51 a factor of 357386529?
True
Is 11594310 a multiple of 1302?
True
Does 108 divide 16322131?
False
Does 45 divide 54328500?
True
Is 56568378 a multiple of 1504?
False
Is 6965102 a multiple of 74?
True
Is 567 a factor of 768470409?
True
Is 39284496 a multiple of 8?
True
Is 4463800 a multiple of 10?
True
Is 99 a factor of 300722202?
True
Does 67 divide 53504257?
True
Is 1445672228 a multiple of 22?
True
Is 44529647 a multiple of 2060?
False
Is 257 a factor of 30120657?
True
Does 17 divide 66129849?
False
Is 50949303 a multiple of 503?
False
Does 128 divide 2135762?
False
Is 22 a factor of 79395756?
True
Does 1684 divide 26306661?
False
Is 362 a factor of 7520843?
False
Does 5991 divide 497606469?
True
Is 476 a factor of 22748346?
False
Is 11858211 a multiple of 10?
False
Is 18 a factor of 205007915?
False
Does 3 divide 289918723?
False
Does 45 divide 26216640?
True
Does 11 divide 85423055?
False
Does 37 divide 570694448?
False
Is 790687532 a multiple of 4?
True
Does 90 divide 770808848?
False
Is 34846294 a multiple of 31?
True
Is 938595603 a multiple of 4187?
True
Does 2602 divide 31050093?
False
Is 433949977 a multiple of 770?
False
Does 244 divide 1999330931?
False
Is 2004 a factor of 276730356?
True
Is 154675444 a multiple of 812?
True
Is 27117162 a multiple of 45?
False
Does 211 divide 14086149?
True
Does 1107 divide 116285922?
True
Is 3873 a factor of 127181574?
True
Is 75 a factor of 40419920?
False
Is 73699480 a multiple of